 + -41)?
2
Let m = 531 - 379. Suppose 4*v - m = -3*b, -v - 4*b = 2*v - 114. List the prime factors of v.
2, 19
Suppose -3*p - p - 16 = 0. List the prime factors of (-343)/(-28) - (-1)/p.
2, 3
Let o be -8 - (-1 + -3 + 2). Let y(f) = -1. Let t(h) = -h**2 - 5*h + 3. Let a(u) = -t(u) - 3*y(u). List the prime factors of a(o).
2, 3
Suppose 5*o - 943 = -4*k, o - 200 = 2*k + k. List the prime factors of o.
191
Suppose t - 100 = -4*t. Suppose -t = -4*z - 0*z. Suppose z*l - 4*l - 18 = 0. What are the prime factors of l?
2, 3
Let w be (-4)/6*3*2. Let t(y) = 5*y. Let r(z) = -1. Let s(j) = 3*r(j) - t(j). List the prime factors of s(w).
17
Let d(a) = a - 6. Let v be d(0). Let z = -3 - v. Suppose -2*j = -z*r + 43, 3*r - 10 - 30 = 5*j. List the prime factors of r.
3, 5
Let b = -13 - -15. Suppose -2*x = -b*z - 21 + 79, 4*x + 146 = 5*z. What are the prime factors of z?
2, 3, 5
Let v(t) = 55*t + 1. Let y be v(3). What are the prime factors of y/10 + 3/(-5)?
2
Let u(b) = 56*b. List the prime factors of u(1).
2, 7
Let i(k) = -2*k + 40. List the prime factors of i(-8).
2, 7
Let j(l) = -l**2 + 4*l + 5. Let y be j(4). Suppose -3*i = o + 8, i - 12 = -y*o + 18. Suppose 25 = 5*p - w, -w - o = -2*p + 3. List the prime factors of p.
5
Suppose r = -r - 6. Let t be ((-12)/9)/(1/r). Suppose -t = -3*k + 11. List the prime factors of k.
5
Suppose -102 = -2*t - t. List the prime factors of t.
2, 17
Let y be (7/(-4))/((-1)/12). Suppose 4*a + 5 = y. Suppose -m + 45 = a*m. What are the prime factors of m?
3
Suppose -4*l + 0*l + 84 = 0. Let k = 14 - 0. Let j = l - k. What are the prime factors of j?
7
Suppose -2*y + 3*y = 0. Suppose 6 = 3*p - y. Suppose 0 = 3*f - p*f - 5. What are the prime factors of f?
5
Suppose 0*p - 4*p = -12. Suppose 0 = -5*l - 20 - 5, 25 = p*t - 2*l. What are the prime factors of t?
5
Let m(u) = -2*u - 11. Let w be m(-8). Suppose 0 = -3*i + 5*j - 1, w*i - 3*j = -0*j + 25. List the prime factors of i.
2
Let l(p) = p**3 + 4*p**2 - 3*p + 1. List the prime factors of l(-4).
13
Let y(g) = -5*g + 1. Let k = 2 + 3. Suppose d + 8 = -2*z, 0*z + 2*d = -k*z - 19. List the prime factors of y(z).
2
Let o be (2/4)/(2/8). Let d = -6 + o. What are the prime factors of ((-14)/(-8))/((-1)/d)?
7
Let x(r) be the first derivative of -5*r**2/2 + r - 2. What are the prime factors of x(-3)?
2
Let i(u) = 6*u - 11. List the prime factors of i(6).
5
Suppose -5*z + 28 = 4*k, 0*k = -2*z - 2*k + 10. Let j(t) = t**2 - 8*t - 5. Let h be j(z). Let p = h + 10. List the prime factors of p.
5
Suppose -3*g - 4 = -w - w, 3*w = -3*g + 21. Suppose h - g*h = 0. What are the prime factors of 1*(3 + h + -1)?
2
Suppose -x - 5*w = 15, 2*x + 2*x = 4*w + 36. Suppose 49 = x*q - h - 35, 4*q = -2*h + 70. List the prime factors of q.
17
Let q = -63 + 104. What are the prime factors of q?
41
Suppose 2*p - 6 = -p. Let q be (-4 + p)/(4/(-10)). Suppose q*i = 0, 16 = u + 3*u + 5*i. List the prime factors of u.
2
Suppose 6*s - 168 = 2*s. List the prime factors of s.
2, 3, 7
Let f be (-1)/2*2 - 5. Suppose 0 = 2*o + 3*o - 15. What are the prime factors of (-1)/o - 50/f?
2
List the prime factors of 366/3 + -3 + -2.
3, 13
List the prime factors of (5/10)/(2/(-44))*-5.
5, 11
Suppose k - 18 - 27 = 0. Suppose -3*g + k = 2*g. List the prime factors of g.
3
Let n(w) = w + 9. Let k be n(-7). Let r(l) = 5*l + 1. List the prime factors of r(k).
11
Let b(l) = -l + 17. Suppose -4*j = -o + 8, -3*o = 4*j + 24 + 32. List the prime factors of b(o).
29
Let b be (-1 + (-3 - 0))/(-2). Suppose 2*c = -4, 7*w - b*w - 111 = 3*c. List the prime factors of w.
3, 7
Suppose -33 - 18 = -3*h - 3*p, -3*p = -4*h + 40. Let c = h - 9. Suppose z + z = -2*n + 36, 0 = -3*z - c*n + 59. What are the prime factors of z?
13
Let r = 768 - 409. What are the prime factors of r?
359
Let t(z) = 0 + z**2 + 6*z + 2 - 4. Let c be t(-3). Let h = -8 - c. What are the prime factors of h?
3
Suppose 4*j = -j + 150. Suppose -3*z + 5*z - j = 5*l, 9 = z - l. What are the prime factors of z?
5
Let g(h) = 3*h**2 + 25*h + 18. List the prime factors of g(-11).
2, 53
Suppose -26 = -4*i - p, i + 0*p = -2*p + 10. Suppose 2*n = i*n + 5*j - 129, 92 = 3*n - j. List the prime factors of n.
31
Let u(p) = -p**3 + 11*p**2 + 8*p + 5. List the prime factors of u(11).
3, 31
List the prime factors of (-2)/((-3)/(96/4)).
2
What are the prime factors of ((-13)/(-3))/((-3)/(-27))?
3, 13
Suppose -4*v = -v - 87. Let p = 49 - v. List the prime factors of p.
2, 5
Let s(l) = -l**3 + 5*l**2 + 6*l - 1. Let c be s(6). What are the prime factors of c/(-3 + 10/4)?
2
Let r(c) = -10*c**2 - 2*c. Let n be r(-2). Let i = n - -52. Suppose -i = -4*m - 5*s, 4*m + 13 = 2*s + 57. What are the prime factors of m?
3
Let t(h) = 6*h**3 + 9*h**2 + h - 11. Let y be 57/6 - 3/(-2). Let b(i) = -i**3 - 2*i**2 + 2. Let w(v) = y*b(v) + 2*t(v). What are the prime factors of w(4)?
2
Let n = 8 - 8. Suppose n*o = -o. Suppose -5*c - 4*w + 69 = 0, 0 = -5*c - o*w + 3*w + 97. List the prime factors of c.
17
Suppose -g = o - 6, 13 = -3*g + 5*g + 3*o. Let c(h) = 5*h**2 + 0*h**2 - 6*h**2 + 4 + 0*h + 6*h. List the prime factors of c(g).
3
Let z(c) = -3*c + 2*c**2 - 12 - c**2 + 11*c. Let f be ((-20)/(-25))/((-2)/25). List the prime factors of z(f).
2
Let b(a) be the third derivative of a**6/12 - a**5/60 - a**4/24 + a**2. Let v be b(-1). List the prime factors of (-2 - v)/((-1)/(-1)).
2
Let x = 26 - 6. Suppose 2*u - x = 56. List the prime factors of u.
2, 19
What are the prime factors of (-1 - 0)/((-6)/30)?
5
Suppose 119 = 5*z - 4*r - 14, -5*z + 151 = 2*r. Let b = -5 + z. List the prime factors of b.
2, 3
Let u = 10 + -7. Suppose -3*h + w = 4*w - 81, -u*h + 5*w = -57. Let z = -6 + h. List the prime factors of z.
2, 3
Let z(f) = -f - 2. Let g be z(-3). Let s(u) = -1 + 6*u + 6*u**2 - 6*u. What are the prime factors of s(g)?
5
Suppose -22*n + 6607 = -213. What are the prime factors of n?
2, 5, 31
Let f = 5 + -1. What are the prime factors of ((-2)/6)/(f/(-156))?
13
Let p be (-1)/((-7)/(-4) + -2). Suppose g - 135 = -p*g. What are the prime factors of g?
3
Let b = 24 - 17. What are the prime factors of b?
7
Let v = -13 - -21. Suppose 0 = -3*z + 4*s + v, 2*z + 2*s + 13 = s. List the prime factors of (2/z)/((-2)/20).
5
Suppose -m + 2*m + 3 = 0. Let z(g) = -9*g + 2. List the prime factors of z(m).
29
Let t = 74 - 29. List the prime factors of t.
3, 5
Suppose 0 = -0*p - p. Suppose p = 4*q - 53 + 13. List the prime factors of q.
2, 5
Let s = 16 + -40. Let z = s + 64. Suppose -4*v - 16 = -z. What are the prime factors of v?
2, 3
Suppose 5*o = -3*v + 129, -5*v + 44 = 5*o - 3*o. List the prime factors of o.
3
Suppose 0 = 2*s + 4*p - 124, -p - 69 = -3*s + 110. Suppose 4*d = -d + s. List the prime factors of d.
2, 3
Let c(o) = -28*o + 3. List the prime factors of c(-3).
3, 29
Let z(q) = -10*q - q**2 - 15 + 3*q - 6*q. List the prime factors of z(-11).
7
Suppose 3*r = -r - 372. List the prime factors of -4*(r/12 - -3).
19
Let d = -5 - -7. Suppose 5 = d*r - 1. Suppose -5*f + 20 = -r*f. List the prime factors of f.
2, 5
Suppose 5*l - 1479 = 3*c, 5*l + 0*l + c - 1487 = 0. Suppose 6*s = -99 + l. List the prime factors of s.
3, 11
What are the prime factors of -4*((-390)/12 - -6)?
2, 53
Suppose -5*d - 7*d = -444. List the prime factors of d.
37
Suppose 0 = 3*p - 5*o + 10, 0 = -p - 0*o - 2*o + 4. List the prime factors of (-14 - p)/(18/(-27)).
3, 7
Suppose 5*t = -3*f - 55, -3*f - 4*t + t = 45. Let x = 14 + f. Suppose -x*z + 2*g + 12 = -2*z, -4*z + 31 = 3*g. List the prime factors of z.
7
Let q(y) = y**3 + 7*y**2 + 2*y - 1. Suppose 5*w = -21 + 6. List the prime factors of q(w).
29
Suppose 0 = y - 0*y + 6. List the prime factors of (-12)/(y*1/4).
2
Let y = -29 + 53. What are the prime factors of y?
2, 3
Suppose t - 36 = -2*t. Let r(h) = 2*h**3 + 16 - h + 119*h**2 - 107*h**2 - 3*h**3. List the prime factors of r(t).
2
Let s(o) = o**3 - o**2 - o + 195. List the prime factors of s(0).
3, 5, 13
Suppose -4*n = 3*w - 20, -2*n + 2*w - 7*w + 24 = 0. Suppose -3*y = -2*t + 13, -10 = -4*t - n*y + 56. What are the prime factors of t?
2, 7
Suppose -3*u - j = -u - 19, -5*u + 3*j = -53. Suppose 3*b - u = 5*b. List the prime factors of 2/b - (-36)/15.
2
Let b(o) = 5*o - 14. Suppose 4*c - 16 = 4*v, c = 2*v - 2 + 3. What are the prime factors of b(c)?
3, 7
Let a = 27 - 14. W